In base 14, what is 4 - -a41?
a45
In base 8, what is -30 - 7?
-37
In base 16, what is 1a7 - -4?
1ab
In base 8, what is -3 - -1163?
1160
In base 9, what is 387 - -5?
403
In base 7, what is 3 - 3464?
-3461
In base 3, what is -2 - -12212?
12210
In base 4, what is 10133101 - 11?
10133030
In base 10, what is -18 - 0?
-18
In base 4, what is 1022023 + 1?
1022030
In base 11, what is -9858 - -3?
-9855
In base 14, what is 20 + 5?
25
In base 4, what is -3 - -122?
113
In base 9, what is -2 + -611?
-613
In base 11, what is 2 + 418?
41a
In base 15, what is -3a + 0?
-3a
In base 2, what is 10100 - -100100?
111000
In base 13, what is -a9 + -1a?
-c6
In base 14, what is -7 + -a4b?
-a54
In base 7, what is 166 + 101?
300
In base 6, what is -2 - -141?
135
In base 6, what is 142 - 122?
20
In base 10, what is 2 - 32?
-30
In base 6, what is 4512 + 2?
4514
In base 9, what is 0 + 306?
306
In base 14, what is -120 + 0?
-120
In base 5, what is -10 - 2303?
-2313
In base 11, what is 12 - -71?
83
In base 9, what is 2 + -8?
-6
In base 7, what is 25 + 4?
32
In base 5, what is 10034 + -1?
10033
In base 12, what is 2 - -291?
293
In base 13, what is 2363 - 1?
2362
In base 14, what is -1 - -42?
41
In base 16, what is -10ead + -5?
-10eb2
In base 15, what is 18 - -9e?
b7
In base 16, what is -32 + -2f?
-61
In base 14, what is -521 - -8?
-517
In base 15, what is -1 + -9?
-a
In base 15, what is 5 + 118?
11d
In base 15, what is -11 + 17?
6
In base 13, what is 30 + 4?
34
In base 14, what is -660 + 1?
-65d
In base 7, what is 44 + 430?
504
In base 2, what is -10001101001011 + 100?
-10001101000111
In base 16, what is -11c + -4?
-120
In base 4, what is 33 - -213?
312
In base 8, what is 10 + 10650?
10660
In base 5, what is -3334 - 0?
-3334
In base 5, what is -112 - -11?
-101
In base 4, what is -11 + 22?
11
In base 5, what is -3 - -212?
204
In base 14, what is -1571 - 1?
-1572
In base 9, what is -25 + 84?
58
In base 3, what is 221 + -202?
12
In base 8, what is -4 + 135?
131
In base 2, what is 1001010100 + -10011?
1001000001
In base 8, what is -3 - 1673?
-1676
In base 8, what is -565 - -17?
-546
In base 3, what is -10020112 - -1?
-10020111
In base 15, what is -a4ac + 3?
-a4a9
In base 5, what is 2231 + -1?
2230
In base 7, what is -5 - 4?
-12
In base 6, what is 115 + 20?
135
In base 14, what is 2 - -24?
26
In base 6, what is -2 + 4221?
4215
In base 15, what is 4 - 97?
-93
In base 16, what is -327 + 4?
-323
In base 13, what is 5 + -4ab?
-4a6
In base 8, what is -2 - 274?
-276
In base 6, what is 34 + 4?
42
In base 5, what is 20 - -20?
40
In base 4, what is 2 - 32221?
-32213
In base 7, what is -3 - -1042?
1036
In base 15, what is 6e + -3?
6b
In base 10, what is -220 + -4?
-224
In base 2, what is 1011 - -10010001010?
10010010101
In base 11, what is -58 - 62?
-10a
In base 16, what is -3 + -44?
-47
In base 3, what is 201 - 12202?
-12001
In base 9, what is 5 - 251?
-245
In base 16, what is -1 - 297?
-298
In base 11, what is 1 - -44?
45
In base 4, what is -2021 + 10?
-2011
In base 2, what is -1110 - -10101?
111
In base 5, what is 1 - -2401?
2402
In base 9, what is 101 - -2?
103
In base 5, what is -242 - -4?
-233
In base 13, what is 8 - -81?
89
In base 5, what is 12 + -24?
-12
In base 16, what is -1 + b5?
b4
In base 7, what is -5046 + 5?
-5041
In base 8, what is -10 + -1?
-11
In base 9, what is 438 + 2?
441
In base 2, what is 100 + 1000110110?
1000111010
In base 4, what is 132 + -1?
131
In base 9, what is -4 - 0?
-4
In base 4, what is -2 - -3320?
3312
In base 8, what is 215 + -4?
211
In base 16, what is -23a7 + -1?
-23a8
In base 4, what is -13123 + -10?
-13133
In base 10, what is -4 - -1502?
1498
In base 6, what is 243 - -2?
245
In base 3, what is -1002 + 20?
-212
In base 5, what is 4 - -432?
441
In base 5, what is -114 - -142?
23
In base 4, what is 2203120 + -2?
2203112
In base 11, what is -27 - 58?
-84
In base 5, what is 223022 - -1?
223023
In base 12, what is -718 - 3?
-71b
In base 16, what is -3 + 8c1?
8be
In base 4, what is -2 - -333?
331
In base 10, what is 5 - 14?
-9
In base 16, what is 7 + 5c1?
5c8
In base 7, what is 16 - -146?
165
In base 14, what is 6 - 82?
-7a
In base 4, what is -300 - 230?
-1130
In base 13, what is -101 + 4?
-ca
In base 9, what is -5 - -1040?
1034
In base 16, what is -93 + a?
-89
In base 5, what is -10320 + 1?
-10314
In base 14, what is 888 + -1?
887
In base 16, what is 0 + c?
c
In base 12, what is -58a4 + 3?
-58a1
In base 10, what is 236 + 10?
246
In base 10, what is 1 + -23?
-22
In base 8, what is -4 - -10?
4
In base 13, what is -5 + 2270?
2268
In base 15, what is 1 + -1a58?
-1a57
In base 7, what is -24 + 34?
10
In base 15, what is -16 - -4a?
34
In base 2, what is 100100 - 1?
100011
In base 5, what is -20043 + 3?
-20040
In base 3, what is -12 - 10010022?
-10010111
In base 3, what is -122122 + 11?
-122111
In base 9, what is -1133 + -1?
-1134
In base 3, what is 102 + -20?
12
In base 7, what is 10533 + -3?
10530
In base 9, what is 1 + 86?
87
In base 6, what is -1444 + -5?
-1453
In base 10, what is 4 + 54?
58
In base 5, what is 14 + 2131?
2200
In base 10, what is 89 - -25?
114
In base 12, what is -58a - 0?
-58a
In base 6, what is 231 - 11?
220
In base 2, what is 1001 - 0?
1001
In base 5, what is -23 - -10?
-13
In base 4, what is 1 + -1002?
-1001
In base 8, what is 1015 + 7?
1024
In base 6, what is -41 - 42?
-123
In base 11, what is 0 - -89?
89
In base 15, what is -6 - -177?
171
In base 11, what is -8 - -60?
53
In base 9, what is 855 + -2?
853
In base 9, what is -1 - 7?
-8
In base 15, what is 14 + -6e?
-5a
In base 15, what is -330 - -4?
-32b
In base 6, what is -254 + 310?
12
In base 13, what is 5 - -182?
187
In base 7, what is -3 - 3316?
-3322
In base 2, what is -1001110100110 + 11?
-1001110100011
In base 16, what is -488 + 6?
-482
In base 7, what is 1416 + 3?
1422
In base 8, what is -14150 - 4?
-14154
In base 2, what is 1 - -1111001?
1111010
In base 14, what is -8b7 - 5?
-8bc
In base 2, what is -100 - -1100111100101?
1100111100001
In base 5, what is 0 + -1?
-1
In base 15, what is c + -102?
-e5
In base 15, what is 13a + a?
145
In base 15, what is 11 - -3b?
4c
In base 5, what is -123044 + -4?
-123103
In base 6, what is 35 + -12?
23
In base 12, what is 127b + 3?
1282
In base 9, what is 575 + 0?
575
In base 7, what is -1106 + -2?
-1111
In base 12, what is -3 - -475?
472
In base 14, what is 7 - 80?
-77
In base 10, what is 1 + 78?
79
In base 3, what is -1 + -10001?
-10002
In base 8, what is 3301 + 3?
3304
In base 16, what is 96 - -b?
a1
In base 12, what is 569 + 1?
56a
In base 14, what is 8 - -693?
69b
In base 9, what is 1 + -727?
-726
In base 2, what is 0 - 10100101?
-10100101
In base 6, what is -3 - -3445?
3442
In base 6, what is -42 + 1024?
542
In base 2, what is -1 - -1000101101?
1000101100
In base 3, what is -11002 - -2?
-11000
In base 14, what is 1 + -251?
-250
In base 13, what is -59 + 9?
-50
In base 6, what is 40 + -2?
34
In base 11, what is -2a7a + -4?
-2a83
In base 14, what is 14 - -35?
49
In base 5, what is -10 + 1234?
1224
In base 6, what is 2 + -125?
-123
In base 2, what is -10011 + -1010010?
-1100101
In base 5, what is -41 - 22?
-113
In base 16, what is 23e + 6?
244
In base 2, what is 111001 - -1101?
1000110
In base 4, what is -2011310 + 1?
-2011303
In base 2, what is 11000011 + 101?
11001000
In base 7, what is -36 + 4?
-32
In base 8, what is -10316 + -1?
-10317
In base 12, what is 4 - 118?
-114
In base 15, what is -77 + -1?
-78
In base 3, what is -22 + 221?
122
In base 5, what is 2432 - 24?
2403
In base 11, what is -2291 - 1?
-2292
In base 13, what is 2c + -5?
27
In base 11, what is -54 + -25?
-79
In base 13, what is -2150 - -5?
-2148
In base 3, what is 11 + 20121?
20202
In base 16, what is -36 + -1ae?
-1e4
In base 16, what is 25 - -12?
37
In base 14, what is -3 - 152?
-155
In base 3, what is -12 - 101220?
-102002
In base 8, what is -63 + -15?
-100
In base 10, what is 2 - -5170?
5172
In base 5, what is -1 + 3324?
3323
In base 7, what is 25 + -5?
20
In base 5, what is -221 + 103?
-113
In base 15, what is -3 + 11d?
11a
In base 8, what is -5 + 673?
666
In base 5, what is -43442 - -3?
-43434
In base 16, what is b - -4?
f
In base 14, what is -8 - -cc2?
cb8
In base 16, what is 25c - 0?
25c
In base 9, what is 18 - 1?
17
In base 13, what is -4 + 913?
90c
In base 16, what is